9
-10 + 19 - 3 - (1 - 9)
14
What is (-5 - -3) + -9 - -7 - 1?
-5
What is the value of 66 - (29 + (-7 - -12))?
32
What is the value of -18 - (2 + -12 + 1 + -29 + 33)?
-13
What is the value of 13 + (-2 - 10) + 9 - -9?
19
Evaluate (2 - 5 - (-2 - -3)) + -1 + 0.
-5
What is (-26 + 21 - -11) + (0 - 16) + 3?
-7
Evaluate 4 - (7 - -1) - (-3 + 4 - 7).
2
0 + 8 + (-1 - 1) + 1 - 11
-4
What is the value of -28 + -14 + 24 + (1 - -1) + 5?
-11
What is the value of -19 - (0 - (30 + -7 + -9))?
-5
What is the value of -23 + (65 - 24) + -4 + -3 + 12?
23
-4 - (-3 - (-5 - 1) - 6)
-1
Evaluate 3 + 2 - (-427 + 453).
-21
What is the value of -8 + -1 + -3 - -13 - (-1 - 0)?
2
What is the value of -43 + -18 + 15 + 21?
-25
What is the value of (-2 - 1) + 3 - (3 + (-20 - -25))?
-8
What is 0 - -25 - (-2139 - -2181)?
-17
Calculate -11 + (0 - 2) - 21.
-34
Calculate 27 + (29 - (50 + -16)) + 13 + 1.
36
-3 + (17 - (-6 + 15))
5
What is (12 - 7) + (-1 - 3) + (-1 - -5)?
5
(-63 - -74) + -16 + -21
-26
What is 13 - (-8 - (-21 - -6)) - -16?
22
What is the value of 3 + (-18 - -2 - -12) + -10?
-11
Evaluate 571 - 584 - (-1 + -29 + 2).
15
Calculate (19 - 2) + (-4 - (-4 + -3 + 7)).
13
What is -5 + 24 - (-19 - (-29 + 11))?
20
What is -1 + -4 - (6 - (10 + -7))?
-8
What is the value of 38 - 10 - 20 - (0 - -9)?
-1
What is -9 + (2 - (-2 + -5))?
0
What is 14 + -1 + (7 - 16 - -7)?
11
What is the value of 3 + (-4 - -4) + 0 + 14 + -8?
9
Calculate -4 - (-4 - 10 - -16).
-6
What is the value of -38 - -73 - (0 - -7)?
28
-1 - (5 - 6) - (8 - (33 + -11))
14
What is the value of 6 + -7 + -9 - (1 - 2 - 2)?
-7
-12 + 10 + (-12 - ((-1 - 0) + -5))
-8
What is the value of (83 - 91) + (13 - 0) - 19 - 7?
-21
What is the value of 51 - (17 - -13) - 32?
-11
What is 1 - 15 - (34 - 23 - 18)?
-7
Evaluate (-25 - 8) + 34 + (-2 - 6 - 0).
-7
(18 - (-6 - -18)) + -15
-9
(-3 - (10 - 4)) + 1 + 0
-8
What is the value of -13 - (19 + (10 + -4 - 12))?
-26
What is (8 - 5 - -9 - 5) + (0 - 15)?
-8
Evaluate 14 + (8 + -2 - (-44 + 46)).
18
What is the value of 10 + 1 + -68 + 62 + 3 + -1?
7
What is the value of -9 + -24 + 12 + 10?
-11
0 + 1 + -2 - 1 - (39 + -30)
-11
What is the value of -26 - (3 - -36 - 37)?
-28
What is the value of -4 + (-2 - -3 - -8 - (-353 + 348))?
10
What is 11 + (15 - (5 + 10)) + 12?
23
-9 + 1 - (-763 + 752)
3
What is (-15 - -49) + -26 + -10?
-2
What is the value of -9 - -4 - (-1 + (-2 - -6) + 1)?
-9
Calculate 0 + 8 + -3 + (196 - 228).
-27
What is 13 + (-29 - 17 - -16)?
-17
(-21 - -11) + 41 - 14
17
Calculate 8 - (-35 + 81 - (-2 + 1 + 5)).
-34
-4 - (6 + 2 + 1 + 33 + -50)
4
Calculate -1 + -46 - -47 - (1 + 16).
-17
Evaluate -291 - -252 - (-27 + -1).
-11
What is the value of (13 - 12 - -13) + -4?
10
What is the value of -18 + (5 - -7) - ((1 - 9) + 0)?
2
What is the value of -20 + -3 + 6 + 15 - (-1 + -17)?
16
What is the value of 46 + 0 - (82 - 60)?
24
Calculate 23 - (-13 + (1 - -8) + -10 + 16).
21
Evaluate -3 + 1 + (2 - -12) - (-74 - -94).
-8
What is 10 + -19 + 4 + 2 - -6?
3
Calculate (5 - (2 - (-12 - -21))) + 4.
16
What is the value of (0 - (9 - 0 - 1)) + 5?
-3
2 + 3 - (6 + 5 + -5 + -1)
0
What is 1 + 28 - -2 - (-984 - -986)?
29
Evaluate -27 + (30 - (32 - 9)).
-20
-15 + -22 + -1 + 6 + 10
-22
Calculate -15 + -9 + 20 - (-1 + 3).
-6
Evaluate 17 + (-5 - -3) - (-1 + 34).
-18
Evaluate 13 - -1 - ((17 - (8 + 1)) + 0).
6
8 + -4 + (9 - 5) - 8
0
17 - (-26 - -34) - 1
8
Evaluate -18 + 5 + 6 + 0 - 4.
-11
What is the value of -14 - (-23 - -11 - -8)?
-10
Calculate (0 - 17) + (2 - (-64 - -33)).
16
Evaluate (-1 - -1) + (-24 - 5 - -19).
-10
Evaluate (-29 - -10) + (-40 - -32).
-27
What is 8 + (3 - (55 + -14)) + -5?
-35
Calculate -10 + 0 - (7 - 5) - -6.
-6
Calculate -1 + 6 - (-30 + (-3 - (6 + -25))).
19
-7 - (-13 + (-4 - -12)) - (7 - -2)
-11
(2 - -6) + (10 - 12) - -7
13
89 + -65 - (-3 - -12 - 1)
16
Evaluate 63 - 32 - 52 - -43.
22
8 + (23 - (2 + 35))
-6
What is (-6 + -1 - -1) + 2 + (4 - 0)?
0
56 + 43 + -108 - (-12 + -1)
4
Evaluate 38 - 28 - 31 - -1.
-20
What is the value of 6 - ((-22 - -20) + 21)?
-13
Calculate (-17 - ((8 - 25) + 1)) + 12.
11
Calculate (37 - (-1 + 28)) + -31.
-21
What is 8 + 1 - -2 - (-28 - -46)?
-7
What is 60 + -28 - (8 + 13)?
11
What is 4 + (54 + -47 - (-9 + (-2 - 1)))?
23
Calculate 2 + -2 + (11 - -19 - 32).
-2
Evaluate -8 - (4 + 2 - 7 - 6).
-1
Calculate -133 + 111 - (-14 + 3 - -3).
-14
Calculate 1362 + -1364 + 0 + (0 - -1) - -3.
2
What is -2 + 3 + -10 + (16 - 10) + -1?
-4
(-33 + 34 - (-7 + -3)) + (19 - 0)
30
-8 - (-4 + -1 - 1)
-2
-11 + -7 + 13 + 25
20
Evaluate (-2 - 1 - -1 - 3) + (-5 - -7).
-3
Evaluate (2 - (7 + (-5 - -2))) + -5 - 1.
-8
What is 13 + (-27 - -13 - -1 - -7)?
7
-2 + 0 + ((-1 - -2) + 25 - 8)
16
What is the value of -18 - (15 + -15) - -17?
-1
(-2 - 6) + -4 + 1
-11
What is -13 + 10 + 2 + 0?
-1
Evaluate -9 + 21 + -28 + 1.
-15
Calculate 4 + 8 - ((-13 - -4) + 6 - -7).
8
Calculate -18 - ((6 - 12) + -6).
-6
What is the value of 1019 - 978 - (-2 + 61)?
-18
What is 13 + (-3 - -14) - 2?
22
What is 1 + (29 - (8 + 9))?
13
Evaluate -11 + (14 - 10) + (-3 - -6) + -15.
-19
Calculate -86 + 91 + 6 + 0.
11
Evaluate (26 + -38 - -32) + 1 + -1 + -3.
17
Evaluate 14 - 22 - 22 - -13.
-17
(-21 - (-10 + 3)) + 2 + 9
-3
Calculate (-8 - (-5 - (4 + -2))) + -7 + 6.
-2
Evaluate 2 + 20 - ((5 + 5 - -2) + -6).
16
Evaluate -2 + 12 - (14 - (26 - 7)).
15
What is 4 - (-9 - -14) - -7 - (-3 - 4)?
13
What is the value of 0 + 4 - (0 + 5 - 3)?
2
What is 20 + (-15 - -19 - (1 + 17))?
6
Evaluate (0 - 4 - (-11 - (-7 + -5))) + 2.
-3
Evaluate -11 - (9 + (-7 - -10 - 12)).
-11
Evaluate 5 - ((-12 - 1) + 414 + -403).
7
What is 18 - (43 - 37) - (3 + -1 + 2)?
8
What is (-11 + 9 - (6 + -7)) + 10?
9
Calculate -2 + (-3 - -7 - 17).
-15
20 + 0 - (45 + -35)
10
Evaluate (-9 + 10 - 6) + 14 + -1.
8
Evaluate (-11 - (32 - 45)) + 1 + -10 + 39.
32
Calculate 86 + -90 - ((1 - 0) + -27 + -1).
23
Evaluate 2 + 10 + -14 - 10.
-12
Evaluate 0 - 6 - (-22 + 46 + -37).
7
What is the value of -6 + (-6 - 0 - (-11 + -1))?
0
Calculate (-4 - 0) + -10 - (-6 + -5).
-3
What is (0 + 12 - 6) + -4 + 8 + 13?
23
Calculate -7 + (7 + -4 - 8) - (-7 + 3).
-8
(-5 - 0) + 10 + 27 + -51
-19
What is the value of (-7 - (7 + -7)) + 0 - (-8 - -14)?
-13
What is the value of (-15 - 2) + (-256 - -260) - 3?
-16
What is (-51 - -21) + 70 + -18?
22
Evaluate -1 + -2 + 19 + 5 + (-3 - 7).
11
(-688 - -664) + -1 + 58
33
Calculate 0 + (-4 - -4) - (-2 + -6).
8
What is the value of 2 - (2 + -5 + 6 + (2 - -6))?
-9
Calculate (6 - 1) + (14 - 25) + 11.
5
What is the value of 6 - (100 + -101 - (-7 - (-1 - -1)))?
0
Calculate -9 + 24 - (11 + -7).
11
(-12 - 0) + -120 + 156
24
What is the value of -17 + (36 - 9) + -3?
7
Calculate -43 + 3 - (12 - (39 - 7)).
-20
What is -1 + (5 - 35) + 4 + 38 + -41?
-30
What is the value of -3 + 12 + (-24 - -9) + 0?
-6
Calculate -15 + (-57 - -65 - (-4 + 0) - 4).
-7
What is -14 + 37 - -2 - 18?
7
352 + -350 - (0 + (-1 - -24)) - -2
-19
What is -4 + (-4 - -18) + (-51 - -46)?
5
What is -14 + 31 + -12 + -1 - (5 + -1)?
0
What is 12 + (-12 - -1) - 13?
-12
Evaluate -38 - (-30 + -16 - -19).
-11
Evaluate -4 + 21 + -12 + 4.
9
What is the value of -8 + 12 + -13 + (-3 - (-3 - 6))?
-3
-19 - -17 - (-2 + -3 - -9)
-6
-18 + 11 + -13 + -7 + (5 - 1)
-23
Evaluate 18 + 10 + (-9 - (-5 + -1)) + -6.
19
What is 6 - ((40 - 55) + (2 - -17))?
2
What is the value of 12 - (12 + -2) - 20?
-18
2 - (12 + 6) - (167 + -187)
4
(16 - -32) + (-118 - -82)
12
What is the value of 20 - (17 - 8) - ((2 - 10) + -5)?
24
(-5 - (-4 + -24 + 7)) + -8
8
Calculate (-7 - (3 + (1 - -2))) + 5.
-8
What is the value of (-1 - (5 - (3 - -2))) + -2?
-3
Evaluate (36 - 37) + 1 + 15.
15
What is -10 - (-22 + (1 - -9) + -11)?
13
What is the value of -14 - (-50 - -23) - (-10 - 1)?
24
-4 + 4 + (-1 - -5) + (-27 - -21)
-2
-3 - (-1 - (-2 - 2) - -3) - -5
-4
What is the value of -12 + (-3 - -15) + 25 + -14?
11
What is the value of (-13 - (-1 + 2)) + (-3 - (24 + -33))?
-8
What is -6 + -3 + -3 + 4 + 0 - 7?
-15
Calculate (-1 - (-14 + 8)) + 21 + -5.
21
(5 - (6 + 0)) + (4 + -2 - -3)
4
Calculate (-6 + 4 - -10) + -10.
-2
Calculate 5 + (7 - 5) + (6 - 9) - -7.
11
What is the value of -13 + 33 + -32 + (3 - -37)?
28
Calculate (-1 - -3) + (4 - 26) - -5.
-15
Calculate -20 - (-2 - (-5 - (-15 + 11))).
-19
What is the value of 12 + (-7 - -5 - -2) - (-29 + 22)?
19
What is 3 + (-13 - -7) + 1 - (9